?
16
Let x be 1*(13 + -7 + -3). Suppose -f - 9*r = -7*r - 52, -x*r - 234 = -5*f. Suppose 0 = -0*c - c + 72. What is the greatest common factor of c and f?
24
Suppose 14*c = 123*c - 440687. Calculate the greatest common divisor of c and 39.
13
Let z = 375 + 826. Suppose 8*p + 249 = z. Calculate the highest common divisor of 1547 and p.
119
Let b(s) = s**3 - 7*s**2 - 5*s + 10. Let m be b(8). Suppose -28*j + m*j = -54. Let i = j + 64. Calculate the highest common factor of 5 and i.
5
Let a be (24/10)/(1488/11160). Calculate the greatest common divisor of 111 and a.
3
Let g = 5950 + 18126. Calculate the highest common factor of 52 and g.
52
Let f(i) = i**3 + 4*i**2 + 4*i - 1. Let g be f(-2). Let o be (22/22)/(g/(-34)). Calculate the greatest common factor of o and 408.
34
Let m be (5 - 3) + -320 - 4. Let t = 582 + m. What is the greatest common factor of 156 and t?
52
Suppose -21*v = -560 - 308 + 91. Calculate the highest common factor of 15207 and v.
37
Let w(h) = 29*h + 89. Let c be w(-3). Suppose -j + 3 = -5*p, -c*j + 8*p + 21 = 3*p. What is the highest common divisor of 225 and j?
9
Let i(c) = 9*c**2 - 6*c + 2. Let v = 79 - 39. Let a be 4/(-3)*(-90)/v. Let h be i(a). What is the greatest common factor of h and 26?
13
Suppose -92 = 38*y - 39*y - 5*f, -2*f = 2*y - 136. Calculate the highest common factor of 12307 and y.
31
Let i(a) = -2*a + 11. Let m be i(2). Let h be 1*m - (-9 + 8). Calculate the highest common divisor of h and 104.
8
Suppose 2*i + 2*v = -2*v + 8, 30 = 3*i - 3*v. Suppose -723 = -27*d + 357. Calculate the highest common factor of i and d.
8
Let i(x) = -2*x - 33. Let y be i(-19). Suppose -o + c - 3*c = -40, -o + 47 = -y*c. Let d be (o/(-9))/((-1)/30). Calculate the highest common factor of d and 28.
28
Suppose p = -2*w + 17 + 17, 4*p - 81 = 3*w. Suppose 9*f + 3*f = p. Suppose f*s - 34 = -3*y, y - 5*s + 2 = -3*s. What is the greatest common divisor of y and 20?
4
Let y = 18 + -12. Let g(h) = -8*h**2 + 136*h + 198. Let k be g(18). What is the greatest common divisor of y and k?
6
Let z be -4 - 9/(9/(-8)). Let x(i) = -2*i - 4. Let t be x(-14). Let r = -20 + t. Calculate the highest common factor of r and z.
4
Let c(t) = 2*t**2 + 12*t - 35. Let n be c(-10). Suppose 45 + n = 9*r. What is the greatest common divisor of 410 and r?
10
Suppose 5*o = z - 3578, 11*z = 7*z - 3*o + 14358. Calculate the greatest common factor of z and 702.
78
Suppose -12 = 8*c - 11*c. Suppose x + 2*z + 4 = -0, -4*z - 20 = -c*x. Suppose -15 = -x*b + 9. Calculate the highest common factor of 16 and b.
4
Let y(o) = o**3 + 10*o**2 + o + 12. Let m be 426/(-42) + (3 - 40/14). Let k be y(m). What is the greatest common divisor of 2 and k?
2
Suppose -5*i = -3*l + 52, -91 = 3*l - 8*l + 4*i. Suppose -342 = -f - 2*f. Suppose -5*n = -2*n - f. Calculate the greatest common factor of l and n.
19
Suppose 276*l = 251*l + 625. Let f be 90/3*(-4)/(-6). Suppose 0 = 4*j - a + 3*a - 610, -f = -4*a. Calculate the greatest common divisor of l and j.
25
Suppose -12*b - 5*q + 202 = -9*b, -3*b + 188 = -2*q. Calculate the greatest common divisor of b and 1312.
32
Let w(v) = 26*v**2 + 6*v - 7. Let h be w(1). Suppose -39*l = -h*l - 7084. Calculate the greatest common divisor of l and 46.
46
Suppose -2*f + 371 = -j, -150*j + 154*j + 1464 = 4*f. Let s = -321 - j. What is the highest common factor of 270 and s?
10
Let a = -275 - -277. Suppose -1702 = -a*k - 310. Calculate the greatest common factor of k and 24.
24
Suppose -w = -7*w - 264. Let m = 35 + w. Let l be (-408)/(-18) + 6/m. What is the highest common factor of 154 and l?
22
Let g(z) = z**2 - 35*z - 198. Let v be g(46). Let q(k) = k**2 - 4*k - 2. Let n be q(-4). Let x = 14 + n. What is the highest common factor of x and v?
44
Let x be 4/((-40)/(-13) - (5 + -2)). Let g be 2/(-7) - 186/(-14). Calculate the greatest common factor of x and g.
13
Let z be (130/11 + (-2)/(-11))*(-2394)/(-532). What is the greatest common divisor of 17307 and z?
27
Let r(y) = y + 40. Let t be r(-21). What is the highest common divisor of 133 and t?
19
Suppose -2*d = -3*r - 326, -109*r - 492 = -3*d - 104*r. What is the greatest common divisor of d and 602?
14
Let z(y) = y**2 - 1. Let k(t) = t**3 - 15*t**2 - 5*t - 9. Let d(v) = k(v) + 6*z(v). Let p be d(10). Calculate the greatest common divisor of p and 10.
5
Suppose -4*p + 50 = -6. Suppose 2*n + 72 = p*n. Let x(c) = -c**3 + 8*c**2 - 9*c + 3. Let l be x(n). What is the greatest common factor of 7 and l?
7
Let c be 956/(-7) - 44/(-77). Let v = -91 - c. What is the greatest common divisor of v and 15?
15
Suppose -5*m + 703 - 208 = 5*f, -2*f + 4*m = -228. Calculate the greatest common divisor of f and 104.
104
Let t = -177 + 203. Let w = -18 + t. Calculate the highest common factor of w and 1.
1
Let v(y) = 9*y - 15. Suppose 0 = -l + 8 - 6. Suppose l*p - 14 = -0. Let t be v(p). What is the highest common factor of t and 36?
12
Let n = 188 - 183. Suppose 0 = 5*v - 9*v - 2*g + 672, n*v - 2*g = 858. Calculate the greatest common divisor of 136 and v.
34
Let s(u) = -15*u - 61. Let n(c) = 6*c + 30. Let x(m) = 7*n(m) + 3*s(m). Let q be x(-19). What is the highest common divisor of q and 168?
84
Suppose 3*i + 5*a = 38, -3*i + 2*i = 2*a - 14. Let o be (-1 - -11)*i/12. Calculate the highest common divisor of o and 4.
1
Let q(f) be the third derivative of f**4/24 + 19*f**3/6 + 27*f**2. Let l be q(-6). Let d = l + -2. What is the highest common factor of d and 1?
1
Let o be 18/((-270)/(-332985)) + -3. What is the highest common divisor of 124 and o?
124
Let f(a) = 64*a + 105. Let w(b) = 22*b + 35. Let v(r) = -3*f(r) + 8*w(r). Let u be v(-5). What is the highest common divisor of 36 and u?
9
Suppose -4885 = -4*o - 3*w, 5 = -22*w + 17*w. Calculate the highest common divisor of o and 2162.
94
Let y be (-2)/35 + ((-2446)/(-175) - 18/(-225)). Let z = 129 - 66. Calculate the greatest common divisor of z and y.
7
Suppose 451*d - 23569 + 1470 = 0. Calculate the highest common factor of d and 57281.
49
Let h be (-206)/1133 + (-1175)/11. Let x = 245 - 418. Let t = h - x. What is the highest common divisor of t and 33?
33
Suppose 9893 = -62*z + 68*z - 1339. Calculate the highest common factor of 6 and z.
6
Suppose -2774 = 11*v - 8*v - 4*c, -4*v + 4*c = 3696. Let a = v - -1452. What is the highest common factor of a and 10?
10
Suppose 207 = -12*n - 117. Let k = n + 31. Suppose k*v - 5*x = 79, 2*x - x + 104 = 5*v. What is the greatest common factor of 42 and v?
21
Let j(t) = 38*t**2 - 858*t + 11. Let z be j(-5). Calculate the greatest common factor of z and 445.
89
Suppose 149 = n + 4*h - 80, 5*h - 659 = -3*n. Let s = n + -168. Calculate the greatest common divisor of 36 and s.
9
Let z(h) = -15*h + 229. Let i be z(4). What is the greatest common divisor of 1612 and i?
13
Let i = -10 - -16. Suppose -4*r + 8*r = m + 8, -2*r = -4. Let x be 52/(-65)*(m + 90/(-4)). Calculate the highest common factor of x and i.
6
Let c(j) = 176*j + 6480. Let w be c(-36). Suppose 3*q - 45 - 36 = 0. Calculate the highest common factor of w and q.
9
Suppose 9*o - 42*o = -448 - 674. What is the highest common factor of 5729 and o?
17
Let t(k) = 2*k**3 - k - 1. Let v be t(-1). Let z be (7/v - -2) + 2/4. Let l be ((-2)/4)/(z/62). Calculate the greatest common factor of l and 31.
31
Suppose -156*y + 2504 = -13804 - 40788. What is the greatest common divisor of 12688 and y?
122
Let n(f) = 66*f + 305. Let l be n(96). Calculate the greatest common divisor of 29 and l.
29
Suppose -12 = -3*l + 18. Suppose 3*r = 6*r + w - 25, r - 4*w - 4 = 0. Suppose r*z - 168 = 152. Calculate the greatest common divisor of l and z.
10
Let p be (7 - 0) + -2 + 1. Let i = 7 + -5. Suppose 0 = -3*m + 5*t + 74, -4*m - i*t - 2*t + 56 = 0. Calculate the greatest common divisor of m and p.
6
Let j(k) = k**3 + 54*k**2 - 441*k - 798. Let o be j(-61). Calculate the greatest common factor of o and 994.
14
Let v(t) = -t**2 + 2*t - 1. Let m be v(1). Suppose 0 = -m*k - 2*k + 30. Suppose -153*x + 158*x = 75. What is the highest common divisor of k and x?
15
Let v(d) = d**2 + 100*d - 1209. Let p be v(11). Calculate the greatest common factor of p and 1038.
6
Let w be ((-78070)/(-4))/(785/942). Calculate the greatest common divisor of 111 and w.
111
Let d(k) = -k**2 + 5*k - 2. Let m be d(4). Let s 